f 581 and 7?
7
What is the highest common factor of 4 and 512?
4
Calculate the highest common divisor of 564 and 6627.
141
Calculate the greatest common factor of 124 and 10912.
124
Calculate the highest common factor of 10 and 130.
10
Calculate the greatest common divisor of 2695 and 22.
11
Calculate the highest common factor of 160 and 30.
10
Calculate the greatest common divisor of 122 and 3904.
122
Calculate the greatest common divisor of 343 and 7.
7
Calculate the greatest common factor of 10379 and 291.
97
What is the greatest common divisor of 1115 and 1?
1
Calculate the highest common divisor of 4046 and 42.
14
What is the highest common divisor of 4 and 236?
4
Calculate the greatest common factor of 16188 and 171.
57
Calculate the greatest common divisor of 60 and 640.
20
Calculate the greatest common divisor of 70 and 42.
14
What is the greatest common divisor of 200 and 960?
40
Calculate the highest common factor of 108 and 8.
4
Calculate the greatest common divisor of 7 and 58604.
7
Calculate the greatest common factor of 76 and 38.
38
What is the greatest common factor of 30 and 45?
15
Calculate the highest common factor of 268 and 19028.
268
Calculate the highest common divisor of 8 and 80.
8
Calculate the greatest common factor of 2142 and 9.
9
Calculate the greatest common divisor of 603 and 27.
9
Calculate the greatest common divisor of 62 and 713.
31
Calculate the greatest common factor of 80 and 840.
40
What is the highest common factor of 11 and 28270?
11
Calculate the highest common factor of 108 and 828.
36
Calculate the greatest common factor of 39 and 13728.
39
What is the greatest common factor of 5597 and 1158?
193
What is the greatest common divisor of 47 and 1175?
47
What is the greatest common factor of 553 and 14?
7
Calculate the highest common divisor of 80 and 180.
20
Calculate the greatest common factor of 18 and 5139.
9
What is the highest common factor of 2046 and 1122?
66
What is the greatest common factor of 9095 and 85?
85
What is the highest common divisor of 42 and 3171?
21
What is the highest common divisor of 9917 and 47?
47
Calculate the greatest common factor of 172 and 473.
43
What is the greatest common factor of 33 and 242?
11
What is the highest common factor of 957 and 116?
29
What is the highest common factor of 896 and 42?
14
Calculate the greatest common divisor of 6800 and 85.
85
Calculate the greatest common divisor of 30 and 465.
15
What is the highest common divisor of 186 and 6?
6
Calculate the highest common divisor of 78 and 8814.
78
What is the greatest common divisor of 39 and 2769?
39
Calculate the greatest common factor of 53200 and 80.
80
Calculate the highest common divisor of 1564 and 51.
17
What is the greatest common divisor of 40 and 125?
5
Calculate the highest common factor of 12 and 489.
3
What is the greatest common divisor of 37 and 185?
37
What is the greatest common factor of 18 and 144?
18
What is the greatest common divisor of 1376 and 544?
32
What is the greatest common factor of 222 and 18?
6
Calculate the greatest common divisor of 22 and 3014.
22
What is the highest common factor of 1725 and 69?
69
What is the highest common divisor of 580 and 160?
20
What is the greatest common factor of 121355 and 65?
65
What is the greatest common factor of 185 and 74?
37
What is the highest common divisor of 60438 and 42?
42
Calculate the greatest common factor of 207 and 279.
9
What is the highest common divisor of 21 and 105?
21
Calculate the highest common divisor of 3036 and 396.
132
Calculate the greatest common factor of 10284 and 12.
12
What is the highest common divisor of 10 and 10570?
10
What is the greatest common divisor of 3 and 7?
1
What is the greatest common divisor of 93 and 31?
31
Calculate the highest common factor of 78 and 507.
39
Calculate the greatest common factor of 172 and 4.
4
Calculate the greatest common factor of 80 and 212.
4
Calculate the highest common divisor of 16 and 368.
16
What is the greatest common divisor of 42 and 66?
6
Calculate the highest common factor of 42 and 105.
21
What is the highest common divisor of 1950 and 104?
26
Calculate the highest common divisor of 1798 and 406.
58
What is the highest common divisor of 936 and 12?
12
Calculate the greatest common divisor of 791 and 14.
7
What is the highest common factor of 80 and 64?
16
Calculate the highest common factor of 148 and 814.
74
What is the highest common divisor of 27593 and 41?
41
What is the highest common factor of 235 and 329?
47
What is the greatest common divisor of 426 and 9?
3
What is the highest common factor of 143 and 583?
11
What is the highest common divisor of 83 and 5395?
83
Calculate the highest common divisor of 280 and 350.
70
What is the highest common divisor of 36410 and 110?
110
Calculate the greatest common factor of 76 and 19.
19
Calculate the highest common divisor of 18 and 2250.
18
What is the greatest common factor of 95 and 760?
95
Calculate the greatest common divisor of 66 and 4.
2
Calculate the greatest common factor of 385 and 245.
35
What is the greatest common divisor of 33 and 4587?
33
Calculate the greatest common divisor of 2124 and 144.
36
What is the greatest common divisor of 70 and 1040?
10
Calculate the greatest common divisor of 1656 and 846.
18
Calculate the greatest common divisor of 14 and 2170.
14
What is the highest common divisor of 2723 and 42?
7
What is the highest common factor of 164 and 17056?
164
What is the highest common divisor of 40 and 250?
10
What is the highest common factor of 72 and 90?
18
What is the highest common factor of 12046 and 114?
38
Calculate the greatest common divisor of 18 and 114.
6
Calculate the highest common factor of 6923 and 1127.
161
Calculate the highest common factor of 4 and 5276.
4
What is the greatest common factor of 784 and 1456?
112
What is the highest common divisor of 740 and 710?
10
What is the greatest common divisor of 6 and 1506?
6
Calculate the greatest common divisor of 24 and 828.
12
What is the greatest common factor of 218 and 11554?
218
What is the highest common divisor of 6 and 12?
6
Calculate the greatest common divisor of 11 and 6721.
11
Calculate the highest common divisor of 7 and 6139.
7
Calculate the greatest common factor of 24 and 762.
6
Calculate the greatest common factor of 6910 and 20.
10
What is the greatest common divisor of 6966 and 344?
86
What is the highest common divisor of 6501 and 985?
197
Calculate the highest common divisor of 484 and 176.
44
Calculate the highest common divisor of 168 and 564.
12
What is the greatest common factor of 1122 and 408?
102
Calculate the greatest common divisor of 54 and 22086.
54
What is the highest common divisor of 464 and 29?
29
What is the highest common factor of 611 and 752?
47
Calculate the greatest common factor of 1078 and 28.
14
What is the highest common divisor of 74 and 851?
37
What is the greatest common factor of 106 and 2?
2
Calculate the greatest common divisor of 32 and 80.
16
What is the greatest common divisor of 2832 and 16?
16
What is the greatest common factor of 38 and 23237?
19
Calculate the greatest common factor of 8709 and 3.
3
Calculate the greatest common factor of 42 and 2506.
14
Calculate the greatest common factor of 552 and 72.
24
What is the highest common divisor of 16 and 76?
4
What is the greatest common divisor of 3237 and 117?
39
Calculate the greatest common factor of 1342 and 22.
22
Calculate the greatest common factor of 208 and 10192.
208
What is the highest common factor of 11 and 77?
11
Calculate the greatest common factor of 792 and 3816.
72
Calculate the greatest common divisor of 321 and 107.
107
Calculate the highest common divisor of 5877 and 9.
9
Calculate the highest common divisor of 39 and 6487.
13
What is the greatest common divisor of 144 and 240?
48
Calculate the highest common factor of 184 and 1336.
8
Calculate the highest common factor of 820 and 20.
20
Calculate the greatest common factor of 296 and 2923.
37
What is the highest common divisor of 168 and 196?
28
Calculate the highest common divisor of 671 and 244.
61
What is the greatest common factor of 965 and 80?
5
What is the highest common divisor of 1688 and 6119?
211
What is the greatest co